{"id":125,"date":"2017-09-24T17:40:39","date_gmt":"2017-09-24T15:40:39","guid":{"rendered":"http:\/\/berlin-control.com\/website\/?page_id=125"},"modified":"2017-09-24T21:41:48","modified_gmt":"2017-09-24T19:41:48","slug":"vita-2","status":"publish","type":"page","link":"https:\/\/berlin-control.com\/website\/vita-2\/","title":{"rendered":"Berufserfahrung &#038; Ausbildung"},"content":{"rendered":"<p>Berufserfahrung<\/p>\n<p>seit 2009<br \/>\nUnternehmensberater \/ Interim Manager<\/p>\n<p>2001 \u2013 2009<br \/>\nAEMtec GmbH: Gesch\u00e4ftsf\u00fchrer, CFO<\/p>\n<p>1991 \u2013 2001<br \/>\nKnorr \u2013 Bremse AG<br \/>\n                             \t1999 &#8211; 2001 Werk Velbert (Kiekert Automatikt\u00fcren) Gesch\u00e4ftsf\u00fchrer<br \/>\n                            \t1997 &#8211; 1999 Werk Budapest, Leiter Rechnungswesen \/ Controlling<br \/>\n                             \t1991 &#8211; 1997 Werk Berlin, Controller \/ kaufm. Leiter<\/p>\n<p>1988 \u2013 1991<br \/>\nMinisterium f\u00fcr Hoch- und Fachschulwesen in Berlin<br \/>\nwissenschaftlicher Mitarbeiter Fachabteilung Technische Wissenschaften, fachliche Zust\u00e4ndigkeit in Lehre und Forschung f\u00fcr die Studienrichtung  Maschineningenieurwesen<\/p>\n<p>1982 \u2013 1988<br \/>\nTU Dresden, Fertigungsbereich Fertigungsprozessgestaltung<br \/>\nwissenschaftlicher Assistent, Lehraufgaben in den Gebieten Fertigungsprozessgestaltung, technologische Programmierung, Forschungst\u00e4tigkeit auf dem Gebiet der rechnerunterst\u00fctzten Produktionsvorbereitung<\/p>\n<p>Ausbildung<\/p>\n<p>1990<br \/>\nErlangung des akademischen Grades Dr. &#8211; Ing., Fachrichtung Fertigungsprozessgestaltung<\/p>\n<p>1977 \u2013 1982<br \/>\nStudium an der Technischen Universit\u00e4t Dresden, Fachrichtung Fertigungstechnik, Werkzeugmaschinen, Fertigungsprozessgestaltung<\/p>\n","protected":false},"excerpt":{"rendered":"<p>Berufserfahrung seit 2009 Unternehmensberater \/ Interim Manager 2001 \u2013 2009 AEMtec GmbH: Gesch\u00e4ftsf\u00fchrer, CFO 1991 \u2013 2001 Knorr \u2013 Bremse AG 1999 &#8211; 2001 Werk Velbert (Kiekert Automatikt\u00fcren) Gesch\u00e4ftsf\u00fchrer 1997 &#8211; 1999 Werk Budapest, Leiter Rechnungswesen \/ Controlling 1991 &#8211; 1997 Werk Berlin, Controller \/ kaufm. Leiter 1988 \u2013 1991 Ministerium f\u00fcr Hoch- und Fachschulwesen &hellip; <\/p>\n<p class=\"link-more\"><a href=\"https:\/\/berlin-control.com\/website\/vita-2\/\" class=\"more-link\"><span class=\"screen-reader-text\">\u201eBerufserfahrung &#038; Ausbildung\u201c<\/span> weiterlesen<\/a><\/p>\n","protected":false},"author":1,"featured_media":0,"parent":0,"menu_order":0,"comment_status":"closed","ping_status":"closed","template":"","meta":{"footnotes":""},"class_list":["post-125","page","type-page","status-publish","hentry"],"_links":{"self":[{"href":"https:\/\/berlin-control.com\/website\/wp-json\/wp\/v2\/pages\/125","targetHints":{"allow":["GET"]}}],"collection":[{"href":"https:\/\/berlin-control.com\/website\/wp-json\/wp\/v2\/pages"}],"about":[{"href":"https:\/\/berlin-control.com\/website\/wp-json\/wp\/v2\/types\/page"}],"author":[{"embeddable":true,"href":"https:\/\/berlin-control.com\/website\/wp-json\/wp\/v2\/users\/1"}],"replies":[{"embeddable":true,"href":"https:\/\/berlin-control.com\/website\/wp-json\/wp\/v2\/comments?post=125"}],"version-history":[{"count":6,"href":"https:\/\/berlin-control.com\/website\/wp-json\/wp\/v2\/pages\/125\/revisions"}],"predecessor-version":[{"id":179,"href":"https:\/\/berlin-control.com\/website\/wp-json\/wp\/v2\/pages\/125\/revisions\/179"}],"wp:attachment":[{"href":"https:\/\/berlin-control.com\/website\/wp-json\/wp\/v2\/media?parent=125"}],"curies":[{"name":"wp","href":"https:\/\/api.w.org\/{rel}","templated":true}]}}